ase 6
-204524134
Convert -13240323 (base 5) to base 8.
-405316
aad9 (base 15) to base 11
25223
Convert -2b8051 (base 15) to base 14.
-3ca40d
What is -93106 (base 13) in base 12?
-108807
What is 6321437 (base 8) in base 16?
19a31f
-140140 (base 5) to base 15
-1a30
What is -75111 (base 9) in base 12?
-248a7
998a79 (base 11) to base 3
2222221102101
What is 11c38b (base 13) in base 16?
68358
What is -8dbb5 (base 16) in base 13?
-174315
What is 1221220313 (base 4) in base 2?
1101001101000110111
What is -33222312 (base 4) in base 16?
-fab6
What is 1a5d7 (base 14) in base 3?
10101221102
What is -6da592 (base 15) in base 6?
-304302415
Convert 10440045 (base 7) to base 12.
3750a0
Convert 200010211121 (base 3) to base 15.
70c11
Convert 1052532 (base 7) to base 8.
377060
What is -210111202111012 (base 3) in base 14?
-1737bb6
What is -2121221202011 (base 3) in base 8?
-5247543
2289e (base 16) to base 13
4c514
What is -1665a1 (base 12) in base 15?
-78da7
What is 2254000 (base 6) in base 4?
130113300
Convert -33a8cd (base 15) to base 3.
-11122021100211
What is 62046566 (base 7) in base 12?
18a273b
Convert -12011031203 (base 4) to base 9.
-2888755
101111011010110010 (base 2) to base 8
573262
What is -3e202 (base 16) in base 8?
-761002
Convert 124c5a (base 14) to base 4.
2121111200
20311045 (base 6) to base 11
36a363
What is 333234 (base 5) in base 12?
6926
-15392a1 (base 11) to base 4
-22002311233
29548 (base 13) to base 16
12fe8
Convert 10000000101100110 (base 2) to base 9.
110345
Convert 12155620 (base 9) to base 10.
5941854
What is 34500 (base 11) in base 5?
3043402
1132123 (base 6) to base 12
2a043
Convert 95126 (base 12) to base 10.
195438
Convert -4a5619 (base 13) to base 10.
-1782803
What is -4884660 (base 9) in base 8?
-12077624
Convert 200120120020 (base 3) to base 15.
73510
Convert -11101011 (base 5) to base 3.
-11221001211
Convert -546728 (base 9) to base 7.
-2526524
Convert 2247242 (base 9) to base 6.
41553315
Convert 1c2096 (base 16) to base 5.
432441400
-e3105 (base 15) to base 12
-2a8195
What is -7410605 (base 8) in base 15?
-28dd10
Convert 10100200022002 (base 3) to base 4.
12303233222
-15213105 (base 6) to base 2
-10000001100101000001
What is -781d (base 16) in base 13?
-10cc4
What is -a0275 (base 11) in base 14?
-3b690
84ec9 (base 15) to base 10
421839
Convert -1438282 (base 9) to base 11.
-4a20a2
Convert 20000211201 (base 3) to base 5.
12244321
What is 7704081 (base 10) in base 7?
122324610
65266525 (base 7) to base 3
101111111002221
What is -748927 (base 11) in base 7?
-13115541
110101010010010101 (base 2) to base 14
59781
Convert 8b53a5 (base 12) to base 6.
115430325
What is -8c9241 (base 13) in base 12?
-1148b60
-22202110102 (base 3) to base 4
-222011123
Convert 1ecd8a (base 16) to base 4.
13230312022
Convert 3210123232 (base 4) to base 2.
11100100011011101110
What is 21115 (base 11) in base 14?
b2c6
Convert -1724933 (base 11) to base 8.
-13143571
Convert 2133212111 (base 4) to base 9.
1205652
Convert -21036b1 (base 12) to base 4.
-113300100211
-122020220122122 (base 3) to base 8
-42767207
What is -4a0c2d (base 14) in base 15?
-351e4e
What is -101010111011011101 (base 2) in base 3?
-22221012111
7b49aa (base 12) to base 3
10201111122211
209e0 (base 15) to base 6
2115033
Convert 1772b (base 15) to base 13.
286bb
Convert 104200131 (base 5) to base 2.
1110000001010011000
Convert 124103 (base 7) to base 14.
8573
What is -1b456 (base 13) in base 16?
-d0e3
Convert -404233411 (base 6) to base 11.
-3a00112
Convert 30113022 (base 5) to base 8.
721660
-5aca (base 15) to base 14
-7079
Convert -63595 (base 12) to base 4.
-133312001
What is 3b8cc (base 13) in base 2?
11011001100001010
Convert -100022000020 (base 3) to base 16.
-2cac9
Convert -25155511 (base 6) to base 7.
-6605440
Convert 1011001111010001101000 (base 2) to base 6.
143051332
Convert -1622008 (base 9) to base 16.
-dbce3
Convert -179393 (base 12) to base 2.
-1100100000111011111
Convert -17244 (base 14) to base 12.
-29738
Convert 326595 (base 11) to base 5.
113134010
Convert 1bc31 (base 15) to base 12.
44454
What is -5c58b (base 14) in base 8?
-671477
What is 650b (base 16) in base 8?
62413
Convert -1769527 (base 10) to base 7.
-21016654
Convert 222355 (base 8) to base 12.
37491
a107043 (base 11) to base 10
17886025
What is -3222300 (base 4) in base 13?
-6ab9
Convert 10100044340 (base 5) to base 10.
10159345
Convert -6461830 (base 9) to base 3.
-20112001221000
Convert -13453310 (base 6) to base 14.
-bd002
Convert 11110000001011110 (base 2) to base 14.
32b5c
What is -37445 (base 13) in base 8?
-306643
-405166 (base 10) to base 11
-257453
Convert 1566572 (base 14) to base 15.
dbb39b
Convert 3db7b (base 15) to base 6.
4130125
What is 50063414 (base 7) in base 10?
4133357
1101111111010111110000 (base 2) to base 4
31333113300
42042443 (base 5) to base 14
9046b
-34b4ab (base 15) to base 5
-1121100221
What is -201112121000 (base 3) in base 13?
-1060aa
-6b8b0 (base 14) to base 3
-111022221121
-34c96 (base 13) to base 14
-272d8
112812 (base 14) to base 10
583312
What is -8871383 (base 10) in base 6?
-514051115
-11305223 (base 6) to base 7
-2661402
Convert -4678a51 (base 12) to base 16.
-cf7add
Convert -65375 (base 9) to base 3.
-2012102112
What is -14411102 (base 5) in base 7?
-1210460
Convert 4ea850 (base 16) to base 10.
5154896
What is -1000000111100011010 (base 2) in base 6?
-5411310
1116434 (base 7) to base 14
389c4
Convert f19e (base 16) to base 7.
345222
What is 2744655 (base 10) in base 9?
5142856
What is -10110111110101001000001 (base 2) in base 3?
-102100001000200
Convert -4225308 (base 9) to base 8.
-10477620
Convert 34413716 (base 9) to base 4.
333302011011
What is -32112410 (base 5) in base 7?
-2202246
Convert 1741325 (base 11) to base 4.
23102131203
Convert -16a825 (base 11) to base 2.
-1000000010000100010
Convert -b746 (base 14) to base 8.
-75602
What is -216124 (base 9) in base 7?
-1045330
-c7868 (base 14) to base 2
-1110101101001000100
Convert -33450 (base 7) to base 13.
-3b10
What is 2362054 (base 7) in base 10?
300850
What is 11011000001001100010110 (base 2) in base 11?
3aa8436
Convert -92246 (base 14) to base 13.
-c40ca
What is -10001111110111001100000 (base 2) in base 11?
-272a838
Convert -ba64b (base 16) to base 9.
-1383246
Convert 11000101100000 (base 2) to base 8.
30540
What is 110011101010110010001 (base 2) in base 6?
100142145
-3a719 (base 13) to base 3
-12112022210
What is -2203010 (base 5) in base 6?
-451212
What is -1170299 (base 10) in base 7?
-12642644
2000002112021 (base 3) to base 12
4341b1
14005015 (base 8) to base 9
5827582
Convert -32311120333 (base 4) to base 9.
-7276261
What is 11461424 (base 8) in base 10?
2515732
What is 105321241 (base 6) in base 11?
1104995
What is 21242513 (base 7) in base 10?
1808894
What is 101001111101000010 (base 2) in base 10?
171842
-56a21 (base 11) to base 6
-1433332
What is 35bbb (base 14) in base 11?
8a704
Convert -222212022202112 (base 3) to base 8.
-66353721
Convert 14022340224 (base 5) to base 9.
36405208
-1003044031 (base 5) to base 8
-7510110
-a76aa5 (base 12) to base 11
-1547594
What is -4035215 (base 6) in base 5?
-22113200
Convert -42741 (base 14) to base 4.
-213031011
-20f9f (base 16) to base 13
-49631
58d478 (base 14) to base 12
102326a
Convert -2463446 (base 8) to base 10.
-681766
411191 (base 11) to base 7
5420233
What is -10337654 (base 8) in base 14?
-418068
What is -13041420 (base 5) in base 12?
-61b07
1c56 (base 13) to base 12
25a0
What is -1285654 (base 9) in base 12?
-2a0827
What is -23251535 (base 6) in base 10?
-722291
-110001 (base 3) to base 2
-101000101
What is 116199 (base 10) in base 16?
1c5e7
-153a2c4 (base 13) to base 8
-31720401
97263 (base 11) to base 13
4c489
ca881 (base 16) to base 9
1503853
What is -12323132 (base 5) in base 9?
-203156
What is -1df44f (base 16) in base 14?
-3915a7
5267674 (base 8) to base 10
1404860
Convert 131835 (base 12) to base 4.
1030221221
97184 (base 11) to base 6
3010055
What is 15164070 (base 8) in base 16?
34e838
What is -14ac00a (base 15) in base 11?
-84a8942
1001633 (base 7) to base 8
347046
What is 164075 (base 9) in base 2?
11000110000010111
What is 2b96ab (base 15) in base 12?
85775b
What is -30b158 (base 12) in base 15?
-101d2b
What is -2750f (base 16) in base 3